se -10 - 10 = 2*c + 3*s, -4*s = 4*c + 36. Let t be b(c). What is the highest common factor of t and 29?
29
Let n be -14*(-1)/2*-1. Let d(f) = -11 + 9 + 3 - f. Let l be d(n). What is the greatest common divisor of 88 and l?
8
Suppose -z - 1 = -5. Suppose z*i - 24 + 8 = 0. Suppose -5*u = -u - i. Calculate the greatest common factor of 9 and u.
1
Let n = 3441 + -1137. Calculate the greatest common factor of n and 72.
72
Let x = -2067 - -2738. What is the highest common factor of x and 122?
61
Let m be ((-4)/18 + 728/468)*6. Calculate the greatest common divisor of m and 104.
8
Suppose -5*k + 3*k + 12 = 0. Let u(s) be the second derivative of 3*s**3/2 - 2*s**2 - 7*s. Let q be u(k). What is the highest common divisor of 5 and q?
5
Let x(v) = 3*v**3 - 28*v**2 + 6*v + 20. Let b be x(9). Let r be (2/b - (-60)/14) + 66. Calculate the highest common divisor of 14 and r.
14
Let t = 341 - 305. Suppose -13*m + 960 = -3*m. What is the greatest common factor of m and t?
12
Let w(u) = u**3 + 23*u**2 + 22*u - 81. Let d be w(-20). Calculate the greatest common factor of d and 7.
7
Suppose 0 = -0*w - 3*w + 3. Let m(u) = -u**3 - 3*u**2 + 29*u + 65. Let q be m(-2). What is the highest common divisor of q and w?
1
Suppose 5*h - 163 = -3*k, -3*h + 148 = 4*k + 59. What is the highest common factor of 10 and h?
5
Let c(r) = r**3 - 11*r**2 + 5*r - 1. Let w be c(11). Calculate the greatest common divisor of w and 1998.
54
Let q(v) = -8*v - 90. Let l be q(-13). Calculate the greatest common divisor of l and 14.
14
Suppose 287 = -4*g - 5*o, 2*g + 0*g = o - 133. Let d be (g/3 - -4)*-3. Let k be -21*1*(-2)/6. What is the highest common factor of d and k?
7
Let c be (-6)/14 - (1462/(-14) - 3). What is the highest common factor of c and 1391?
107
Suppose 8 = t + 6. Suppose 2*s = 0, -s - t*s = -4*p + 64. Suppose -q = -4*q + 6. What is the greatest common factor of q and p?
2
Let u(a) = -21*a - 21. Let c be u(-7). Suppose 0 = 2*r + 13 - 85. Calculate the highest common factor of c and r.
18
Let s = -5 - -7. Suppose -s*y + 0*y = -56. Let p be (4/(-14))/((-4)/y). Calculate the highest common factor of 2 and p.
2
Suppose 1734 + 702 = 14*z. Calculate the highest common factor of 232 and z.
58
Let x = -79 + 82. What is the greatest common divisor of x and 3?
3
Suppose 3*q + 5*l + 576 = l, -2*q - 5*l = 391. Let g = q - -298. What is the highest common divisor of 10 and g?
10
Let c = 280 + -272. What is the greatest common factor of c and 10?
2
Let x = -55 + 57. Suppose y = x*f - 8, -5 = -f + y - 1. Calculate the highest common factor of 2 and f.
2
Suppose -2*y + 7*f + 14 = 4*f, -5*f + 10 = 0. Let a = -30 + 35. Suppose a*i - q - 247 = 0, 0 = i + q - 34 - 19. What is the greatest common factor of y and i?
10
Suppose -1 + 16 = u. Suppose 4*y - 4 = j, 0*j - 2*j = -2*y - 4. Let g = u + y. What is the greatest common divisor of 153 and g?
17
Let x(t) = t + 1. Let p(m) = 8*m + 17. Let q(l) = p(l) - 3*x(l). Let d be q(11). Let u = d - 39. What is the greatest common divisor of 6 and u?
6
Let s be 3/(-2)*(-4)/2. Suppose 1 = s*a - 11. Suppose 0 = a*f + 4, p = 4*f - f + 21. What is the highest common factor of p and 12?
6
Let z(u) = -6*u + 4. Let d(q) = -7 + 7*q + 2 - 1 + 3. Let l(b) = 4*d(b) + 5*z(b). Let x be l(0). What is the greatest common factor of x and 72?
8
Suppose 0 = -4*c - 0*c + 84. Let f be (-212)/(-6) + 14/c. Let r be (-4)/2 + f - 2. Calculate the highest common factor of 80 and r.
16
Let h(q) = -q**2 - 117*q - 1136. Let x be h(-11). Suppose 0 = 4*g + 275 - 875. What is the highest common divisor of x and g?
30
Let p(n) = -9*n + 57. Let c be p(-15). Calculate the greatest common factor of c and 24.
24
Suppose 5*h + 2*j + 6 = 19, -4*h = 2*j - 10. Calculate the highest common divisor of 96 and h.
3
Let j(o) = o**3 - 7*o**2 - 18*o + 126. Let c be j(8). Let r be (-2)/(-1) - (-21)/1. Calculate the greatest common factor of c and r.
23
Suppose 10*t = 16 + 4. Suppose 5 + 4 = -3*f, 3*n + t*f = 21. Calculate the greatest common divisor of 27 and n.
9
Let h be (0 - 2)*((-44)/8 - 1). Suppose -h*u + 729 = 92. Calculate the greatest common divisor of u and 21.
7
Suppose -2*g = 8, -7*r + 2*r - 2*g = -1387. Calculate the greatest common divisor of 31 and r.
31
Let h be (-2)/1 - (-442)/17. Let t = h + -19. Suppose 2*x = t*x - 351. Calculate the greatest common factor of 13 and x.
13
Suppose 0 = -318*m + 328*m - 110. Calculate the highest common divisor of 99 and m.
11
Let a be (-6)/(-1) + (8 - 9). Suppose 0 = -a*p - 0*p + 715. Let k = -21 + 34. Calculate the greatest common divisor of p and k.
13
Let q be (-3)/2 - 10/(-20). Let k be (3 + -2)*q - -16. Suppose w - k = -4*w. What is the highest common divisor of 33 and w?
3
Suppose 8*f - 11*f = -429. Calculate the greatest common factor of 11 and f.
11
Let c = 192 + -107. Suppose -299 - c = -3*t. What is the greatest common divisor of 16 and t?
16
Let b = -654 + 689. Suppose 2*r - 2*m = -r + 1147, -16 = -4*m. Calculate the greatest common divisor of b and r.
35
Suppose 294 + 256 = f. Let o = 145 - 95. Calculate the highest common divisor of o and f.
50
Let m = -10428 - -10593. Let r = -9 - -24. Calculate the greatest common factor of m and r.
15
Let v = 301 - -14. Suppose 0 = 5*l - 4*j - 155, 3*l + 0*j - 130 = -5*j. Calculate the highest common divisor of l and v.
35
Let h be 45/360 - -1754*9/48. What is the greatest common factor of h and 7?
7
Let u = -162 - -32. Let f be ((-9)/(-5))/(-6 - 782/u). Let n be (-204)/(-16) - 2/(-8). Calculate the highest common factor of f and n.
13
Suppose -280 = 18*a - 16*a. Let s be ((2 - 0)*-3)/(6/a). What is the highest common divisor of 20 and s?
20
Suppose k + 3*k = -48. Let p = k + 48. Let c be (7 - 6) + 0 + 11. What is the greatest common divisor of c and p?
12
Suppose 286 - 916 = -5*h. Let p = 427 + -422. Suppose -p*q = -3*q - h. What is the highest common factor of q and 7?
7
Let p = -85 - -115. Calculate the highest common divisor of p and 20.
10
Let g(k) = k**2 - 2*k - 9. Let o be g(8). Suppose -26 - o = -5*i. Calculate the highest common factor of 91 and i.
13
Let x be (-9 + 13)/(2/8). Let t = 14 - 9. Let g be t*(0 - (-32)/20). What is the highest common factor of x and g?
8
Let b be 4 + (-2 - (-1)/(-1)). Let s = b - -1. Suppose 3*g - 8 = s*g. Calculate the highest common divisor of g and 8.
8
Suppose -4*b - 4*g + 444 - 160 = 0, -136 = -2*b + g. Calculate the highest common divisor of 276 and b.
69
Suppose -h = -16*h + 2145. Calculate the greatest common divisor of h and 22.
11
Let q = -20 - -20. Let x = q + 66. Calculate the greatest common divisor of x and 22.
22
Suppose -3*t - 19 + 1 = -4*b, 0 = -4*b - 12. Let d be (t/4 + 2)*-10. Suppose 2*w = d*w - 114. Calculate the highest common factor of w and 19.
19
Let a(y) = -4*y + 76. Let d be a(8). Calculate the greatest common divisor of d and 1.
1
Suppose x - 28 = -3*x + 3*h, 0 = 4*x + 3*h - 28. Calculate the greatest common factor of x and 35.
7
Suppose 5*h - 58 = -33. Suppose 3*i = i - 10, h*v = 3*i + 135. What is the greatest common factor of 60 and v?
12
Suppose -864 = -0*o - 24*o. What is the highest common factor of o and 288?
36
Let d be (-260)/(-36) + (-8)/36. Let b be (19 - 1)*(d + -8). Let q = b + 23. What is the highest common factor of q and 10?
5
Let p = -12 + 10. Let t = p - -6. Suppose -5*b = -b - y - 56, 0 = 3*b - t*y - 29. What is the highest common factor of b and 10?
5
Let f be ((-1)/(3/(-8)))/(16/96). Calculate the greatest common factor of 28 and f.
4
Let v be 1*(-1 - -2) + (-20)/(-5). Suppose v*b + 2*j + 0 = 11, -2*j - 4 = 0. What is the greatest common factor of b and 27?
3
Let m = -131 - -134. Suppose -m*n + n + 24 = 0. Calculate the highest common divisor of n and 12.
12
Let x(r) = -77*r**2 + 2*r. Let f be x(1). Let o = -30 - f. Calculate the greatest common divisor of o and 5.
5
Let t be -2*((-2)/(-2) + -3). Suppose 4*a = 2*o - 46, 18 = o + t*a - 11. What is the highest common divisor of o and 5?
5
Suppose 235 = 4*p + 47. Suppose -57 = -4*o + 3*h, -2*o = 2*o - 5*h - p. Let u = 23 - o. Calculate the highest common divisor of 55 and u.
5
Let s be 1 + -4 - (7 + -15). Suppose 0 = 2*f + 6*y - 4*y - 4, -f - 10 = s*y. Suppose 0 = -5*v - 5 + 15. Calculate the greatest common divisor of v and f.
1
Let z = 6 - 2. Suppose 2*t = 2*r - 2*t